at is 16664440 (base 7) in base 16?
191ec9
What is -10101001001000011110 (base 2) in base 3?
-1022012022000
Convert -1958158 (base 14) to base 9.
-25610318
What is -45c4 (base 13) in base 12?
-5801
Convert -561202 (base 7) to base 10.
-98884
-1001101001101001101 (base 2) to base 4
-1031031031
b47b45 (base 16) to base 11
6749641
-21131042 (base 5) to base 7
-1335046
41b3b (base 16) to base 8
1015473
What is 2e481 (base 16) in base 6?
4021345
What is 301212330 (base 4) in base 10?
203196
Convert -2ce74 (base 15) to base 4.
-203121301
What is 1a7a7b (base 14) in base 10?
943261
Convert 100313100 (base 4) to base 14.
1b25a
What is 1441440044 (base 5) in base 3?
21021001020120
31021424 (base 5) to base 6
5220145
Convert -23303002 (base 6) to base 9.
-1322802
3039320 (base 10) to base 12
1026a48
42013622 (base 7) to base 12
1224822
540450 (base 6) to base 9
66613
Convert 487340 (base 11) to base 6.
24305412
Convert 273595 (base 14) to base 13.
385335
Convert 1245462 (base 7) to base 3.
22021100110
-5359 (base 12) to base 4
-2032311
Convert 187c775 (base 14) to base 15.
10eaa48
Convert -36202c (base 13) to base 8.
-4726715
What is 3342441 (base 9) in base 14?
34bb41
101000001001001 (base 2) to base 6
235053
Convert -120202323 (base 7) to base 8.
-34317517
10542045 (base 6) to base 7
2520644
What is -4a607 (base 15) in base 2?
-111010000000100111
What is 41364703 (base 8) in base 11?
4a54701
11100011100010010110 (base 2) to base 8
3434226
Convert 44114224 (base 5) to base 14.
9c33c
What is -13d5a1 (base 14) in base 3?
-1022001022120
-11212211021 (base 3) to base 16
-17764
Convert -666771 (base 9) to base 15.
-7d1ca
What is 114041044 (base 5) in base 4?
2002112023
What is 674338 (base 14) in base 5?
1344214340
-2200000221211 (base 3) to base 7
-15023512
-111100110101111000111 (base 2) to base 12
-8018b3
Convert -31022300 (base 4) to base 11.
-37583
What is 1346753 (base 8) in base 16?
5cdeb
Convert 12050362 (base 7) to base 10.
1071037
3201153 (base 6) to base 12
761b9
Convert -10b8bc (base 15) to base 14.
-16adc1
-8b1 (base 12) to base 9
-1677
What is -ac676a (base 13) in base 3?
-21122210011000
110111111010000100 (base 2) to base 10
228996
Convert 1100004213 (base 5) to base 3.
11102002210020
What is -2100020012 (base 3) in base 14?
-12b26
Convert -136543254 (base 7) to base 15.
-bd7589
-10301323201 (base 4) to base 3
-2100122220201
Convert -344252 (base 6) to base 14.
-aa5a
Convert -2737166 (base 9) to base 10.
-1501152
Convert -314201151 (base 7) to base 13.
-3b204a6
100220110122001 (base 3) to base 4
110011102321
a6a632 (base 11) to base 10
1712427
Convert 776100 (base 10) to base 9.
1412543
Convert cd07b (base 16) to base 13.
235333
Convert -21201131 (base 4) to base 13.
-149a5
Convert 101111021111222 (base 3) to base 5.
2411411034
What is 22991 (base 14) in base 10?
84211
2332144 (base 6) to base 16
1d8c0
-13670 (base 13) to base 9
-54655
What is b84651 (base 12) in base 4?
23012222131
Convert -12210221001020 (base 3) to base 13.
-841bc6
What is 140440 (base 6) in base 15?
3d53
645b0 (base 16) to base 10
411056
-466986 (base 11) to base 10
-741219
198021 (base 12) to base 7
3550633
-100110000011111110011101 (base 2) to base 6
-553505153
What is -4443303 (base 5) in base 10?
-77953
1b678 (base 15) to base 8
256175
Convert -3358651 (base 11) to base 5.
-3001214341
What is -31146b (base 16) in base 6?
-152535055
Convert 132569b (base 12) to base 15.
4eb0d5
What is -4b72ac (base 14) in base 6?
-131331304
What is -3120230003 (base 4) in base 7?
-10354424
What is 33311355 (base 6) in base 7?
11353220
Convert 23324221 (base 6) to base 2.
10110001011010110101
bc890 (base 13) to base 10
342004
474314 (base 8) to base 13
58973
Convert 87206 (base 9) to base 4.
32012133
What is -102112212021 (base 3) in base 8?
-674023
Convert -1102012213 (base 4) to base 12.
-142747
What is -3501084 (base 11) in base 3?
-102111222221002
-1062654 (base 7) to base 4
-200133102
-1313211 (base 6) to base 13
-26a10
Convert -24445030 (base 6) to base 14.
-165958
12053557 (base 8) to base 4
22011131233
-101313213002 (base 4) to base 8
-21674702
-96a749 (base 16) to base 3
-200120121112000
What is -20963 (base 15) in base 16?
-193c8
-1234493 (base 11) to base 2
-1000001011010100001000
What is -22751747 (base 9) in base 13?
-23aa738
What is -120101111001 (base 3) in base 11?
-197622
What is 11666 (base 8) in base 16?
13b6
What is -2231113332 (base 4) in base 9?
-1302116
122001021011 (base 3) to base 4
1101322231
Convert 8cb64 (base 13) to base 7.
2116445
What is 13544310 (base 9) in base 16?
66437d
Convert -131031012113 (base 4) to base 10.
-7655831
Convert -26342514 (base 7) to base 3.
-11112122022110
-23342403 (base 5) to base 10
-215353
-311946 (base 10) to base 9
-524816
-11011011000100011 (base 2) to base 10
-112163
1101001000010101000 (base 2) to base 6
13115520
What is 312200030000 (base 4) in base 9?
28785828
Convert -12574697 (base 10) to base 5.
-11204342242
What is ad515b (base 15) in base 4?
133202310011
Convert 799310 (base 11) to base 13.
356971
136d1 (base 14) to base 12
23947
Convert 1556d4 (base 16) to base 5.
324222414
-23b9528 (base 12) to base 6
-405123252
What is -17651 (base 10) in base 13?
-805a
-1502112 (base 6) to base 3
-11100222122
Convert -123001333 (base 4) to base 13.
-3b51b
What is -1223134 (base 5) in base 13?
-a941
What is -404344120 (base 5) in base 7?
-16626535
Convert 2350008 (base 10) to base 16.
23dbb8
4271aa (base 13) to base 6
53220514
Convert 15a680 (base 11) to base 13.
89092
3642661 (base 7) to base 10
464416
What is 253273a (base 11) in base 8?
20611514
15317 (base 16) to base 7
511040
What is 14241031 (base 5) in base 13?
53093
588385 (base 10) to base 4
2033221201
What is 12220122 (base 4) in base 8?
65032
What is -3150542 (base 6) in base 8?
-455476
Convert -4691a (base 14) to base 15.
-35e11
Convert -3522290 (base 10) to base 14.
-6798c2
Convert 279987 (base 11) to base 2.
1101010110111111000
What is -27715 (base 11) in base 15?
-ba5c
What is -26036052 (base 8) in base 7?
-100102543
What is -694526 (base 11) in base 15?
-16c1c2
-258823 (base 10) to base 4
-333030013
What is 18a2b71 (base 12) in base 2?
10011110010111000000101
-94169b (base 12) to base 15
-30dde8
What is 1011202202101 (base 3) in base 4?
2120222113
-79984b (base 15) to base 14
-ab0d96
-1818b2 (base 16) to base 9
-2866211
What is -1677045 (base 9) in base 14?
-1a558a
-3322302444 (base 5) to base 4
-123210301103
What is 144404306 (base 7) in base 11?
54663a8
What is 2a8c1a (base 14) in base 13?
3cc6b4
11234144 (base 5) to base 4
121000120
-7f7d6f (base 16) to base 8
-37676557
What is 4113300 (base 5) in base 3?
10101111101
-3078674 (base 9) to base 8
-6220053
What is -82c70 (base 16) in base 5?
-114120124
Convert a18217 (base 12) to base 8.
11500063
Convert -53003451 (base 6) to base 9.
-2807114
What is 110012102200 (base 3) in base 14?
63740
-12868300 (base 9) to base 3
-102222022100000
87786 (base 14) to base 2
1010000000101011010
What is 19c02 (base 15) in base 11?
57983
-15de7 (base 16) to base 14
-24903
Convert -47195 (base 13) to base 5.
-13124124
-13555462 (base 8) to base 16
-2edb32
2223212 (base 5) to base 16
990e
-645738 (base 12) to base 9
-2876058
580058 (base 12) to base 5
330110431
Convert -20002110011202 (base 3) to base 7.
-36340664
150889a (base 11) to base 9
4774726
72447d (base 14) to base 16
3acc9f
Convert 376b27 (base 12) to base 7.
10452331
What is -1011010110001111 (base 2) in base 11?
-31a14
-646545 (base 12) to base 7
-16330022
-5730 (base 9) to base 5
-113424
Convert 24420320 (base 5) to base 8.
706211
Convert 1143142024 (base 5) to base 7.
32012000
-470185 (base 10) to base 2
-1110010110010101001
202022210202 (base 3) to base 11
253649
-100111100100110 (base 3) to base 11
-2936978
What is -15176264 (base 9) in base 12?
-2641094
8562 (base 12) to base 4
3210122
12330503 (base 7) to base 6
35533545
What is -16045 (base 14) in base 7?
-316115
-131432 (base 9) to base 3
-11001111002
Convert 1110110001101101 (base 2) to base 6.
1144113
-9786366 (base 10) to base 16
-9553fe
Convert -231232001312 (base 4) to base 6.
-1104514102
What is 446035 (base 9) in base 11?
172538
What is 34344323 (base 5) in base 11?
1a1457
What is 8713044 (base 10) in ba